{"id":5,"date":"2015-01-10T23:11:01","date_gmt":"2015-01-10T23:11:01","guid":{"rendered":"http:\/\/new.ski-kozinec.sk\/?page_id=5"},"modified":"2016-02-02T02:48:01","modified_gmt":"2016-02-02T02:48:01","slug":"vleky-a-zjazdovky","status":"publish","type":"page","link":"http:\/\/www.ski-kozinec.sk\/?page_id=5","title":{"rendered":"Vleky a zjazdovky"},"content":{"rendered":"<p>Ly\u017eiarsky are\u00e1l Kozinec sa nach\u00e1dza na severnom svahu Kozinca v nadmorskej v\u00fd\u0161ke 650 a\u017e 995 m.n.m.<br \/>\nDva vleky s prepravnou kapacitou 1400 os\u00f4b za hodinu V\u00e1s dopravia na vrchol Kozinca.<br \/>\nOdtialto sa ly\u017euje na upraven\u00fdch zjazdovk\u00e1ch obtia\u017enosti \u0165a\u017ek\u00e1, stredne \u0165a\u017ek\u00e1 a \u013eahk\u00e1 v celkovej d\u013e\u017eke cca 5 km. Svah je upravovan\u00fd ratrakom.<\/p>\n<p><a href=\"http:\/\/new.ski-kozinec.sk\/wp-content\/uploads\/2015\/01\/vleky_01.jpg\"><img loading=\"lazy\" decoding=\"async\" class=\"alignnone wp-image-6 size-full\" src=\"http:\/\/new.ski-kozinec.sk\/wp-content\/uploads\/2015\/01\/vleky_01.jpg\" alt=\"vleky_01\" width=\"600\" height=\"399\" srcset=\"http:\/\/www.ski-kozinec.sk\/wp-content\/uploads\/2015\/01\/vleky_01.jpg 600w, http:\/\/www.ski-kozinec.sk\/wp-content\/uploads\/2015\/01\/vleky_01-300x200.jpg 300w\" sizes=\"auto, (max-width: 600px) 100vw, 600px\" \/><\/a><\/p>\n<p>Zjazdovka v Ski-centre Z\u00e1zriv\u00e1 skon\u010dila na 6. prie\u010dke v hodnoten\u00ed najstrm\u0161\u00edch zjazdoviek, <a href=\"http:\/\/www.onthesnow.sk\/novinky\/p\/2162\/a\/593077\/nov%C3%A9-rekordy-slovensk%C3%BDch-stred%C3%ADsk--najstrm%C5%A1ie-zjazdovky\" target=\"_blank\">\u010d\u00edtajte tu.<\/a><\/p>\n","protected":false},"excerpt":{"rendered":"<p>Ly\u017eiarsky are\u00e1l Kozinec sa nach\u00e1dza na severnom svahu Kozinca v nadmorskej v\u00fd\u0161ke 650 a\u017e 995 m.n.m. Dva vleky s prepravnou kapacitou 1400 os\u00f4b za hodinu V\u00e1s dopravia na vrchol Kozinca. <a class=\"more-link\" href=\"http:\/\/www.ski-kozinec.sk\/?page_id=5\">Continue Reading \u2192<\/a><\/p>\n","protected":false},"author":1,"featured_media":0,"parent":0,"menu_order":0,"comment_status":"open","ping_status":"open","template":"","meta":{"footnotes":""},"class_list":["post-5","page","type-page","status-publish","hentry"],"_links":{"self":[{"href":"http:\/\/www.ski-kozinec.sk\/index.php?rest_route=\/wp\/v2\/pages\/5","targetHints":{"allow":["GET"]}}],"collection":[{"href":"http:\/\/www.ski-kozinec.sk\/index.php?rest_route=\/wp\/v2\/pages"}],"about":[{"href":"http:\/\/www.ski-kozinec.sk\/index.php?rest_route=\/wp\/v2\/types\/page"}],"author":[{"embeddable":true,"href":"http:\/\/www.ski-kozinec.sk\/index.php?rest_route=\/wp\/v2\/users\/1"}],"replies":[{"embeddable":true,"href":"http:\/\/www.ski-kozinec.sk\/index.php?rest_route=%2Fwp%2Fv2%2Fcomments&post=5"}],"version-history":[{"count":4,"href":"http:\/\/www.ski-kozinec.sk\/index.php?rest_route=\/wp\/v2\/pages\/5\/revisions"}],"predecessor-version":[{"id":63,"href":"http:\/\/www.ski-kozinec.sk\/index.php?rest_route=\/wp\/v2\/pages\/5\/revisions\/63"}],"wp:attachment":[{"href":"http:\/\/www.ski-kozinec.sk\/index.php?rest_route=%2Fwp%2Fv2%2Fmedia&parent=5"}],"curies":[{"name":"wp","href":"https:\/\/api.w.org\/{rel}","templated":true}]}}